{"id":274001,"date":"2024-01-29T14:02:21","date_gmt":"2024-01-29T12:02:21","guid":{"rendered":"https:\/\/kromacarwash.com\/project\/srebrenik-tuzla-bosna-i-hercegovina\/"},"modified":"2024-01-31T13:05:02","modified_gmt":"2024-01-31T11:05:02","slug":"srebrenik-tuzla-bosna-i-hercegovina","status":"publish","type":"project","link":"https:\/\/kromacarwash.com\/de\/project\/srebrenik-tuzla-bosna-i-hercegovina\/","title":{"rendered":"Srebrenik Tuzla &#8211; Bosnien und Herzegowina"},"content":{"rendered":"<p>[et_pb_section fb_built=&#8221;1&#8243; _builder_version=&#8221;4.20.2&#8243; _module_preset=&#8221;default&#8221; custom_padding=&#8221;50px||||false|false&#8221; locked=&#8221;off&#8221; global_colors_info=&#8221;{}&#8221;][et_pb_row column_structure=&#8221;2_5,3_5&#8243; _builder_version=&#8221;4.20.2&#8243; _module_preset=&#8221;default&#8221; global_colors_info=&#8221;{}&#8221;][et_pb_column type=&#8221;2_5&#8243; _builder_version=&#8221;4.16&#8243; _module_preset=&#8221;default&#8221; global_colors_info=&#8221;{}&#8221;][et_pb_post_title author=&#8221;off&#8221; comments=&#8221;off&#8221; _builder_version=&#8221;4.20.2&#8243; _module_preset=&#8221;default&#8221; title_level=&#8221;h2&#8243; title_font_size=&#8221;40px&#8221; title_font_size_tablet=&#8221;&#8221; title_font_size_phone=&#8221;&#8221; title_font_size_last_edited=&#8221;on|desktop&#8221; global_colors_info=&#8221;{}&#8221; title_font_size__hover_enabled=&#8221;on|desktop&#8221; title_font_size__hover=&#8221;40px&#8221;][\/et_pb_post_title][\/et_pb_column][et_pb_column type=&#8221;3_5&#8243; _builder_version=&#8221;4.16&#8243; _module_preset=&#8221;default&#8221; global_colors_info=&#8221;{}&#8221;][et_pb_text disabled_on=&#8221;off|off|off&#8221; _builder_version=&#8221;4.20.2&#8243; _module_preset=&#8221;default&#8221; custom_margin=&#8221;125px||||false|false&#8221; custom_margin_tablet=&#8221;0px||||false|false&#8221; custom_margin_phone=&#8221;&#8221; custom_margin_last_edited=&#8221;on|phone&#8221; global_colors_info=&#8221;{}&#8221;]<\/p>\n<p class=\"p1\">Willkommen am neuen BKF by Kroma-Standort in Bosnien und Herzegowina!<\/p>\n<p class=\"p1\">Zwischen Tuzla und Srebrenik liegt dieser fantastische Standort mit vier Pl\u00e4tzen zum Selbstwaschen, zwei Pl\u00e4tzen zum Staubsaugen und zahlreichen Zusatzger\u00e4ten. Die Konstruktion wurde in unserem HEXO-Design ausgef\u00fchrt.<\/p>\n<p class=\"p1\">Neben der SB-Autowaschanlage gibt es am Standort auch eine LKW-Waschanlage, \u00fcber die wir im n\u00e4chsten Beitrag mehr schreiben!<\/p>\n<p>Geniessen Sie die grossartigen Fotos unseres neuen Projekts.<\/p>\n<p><strong>info@kroma.hr \/ info@kromasistemipranja.ba \/ info@kroma.rs<\/strong><\/p>\n<p>[\/et_pb_text][\/et_pb_column][\/et_pb_row][et_pb_row column_structure=&#8221;2_5,3_5&#8243; use_custom_gutter=&#8221;on&#8221; _builder_version=&#8221;4.20.2&#8243; use_custom_width=&#8221;on&#8221; custom_width_px=&#8221;1440px&#8221; global_colors_info=&#8221;{}&#8221;][et_pb_column type=&#8221;2_5&#8243; _builder_version=&#8221;4.16&#8243; custom_padding=&#8221;|||&#8221; global_colors_info=&#8221;{}&#8221; custom_padding__hover=&#8221;|||&#8221;][et_pb_image src=&#8221;https:\/\/kromacarwash.com\/wp-content\/uploads\/2024\/01\/401764395_17903584121866383_7806727841590113170_n.jpg&#8221; title_text=&#8221;401764395_17903584121866383_7806727841590113170_n&#8221; show_in_lightbox=&#8221;on&#8221; force_fullwidth=&#8221;on&#8221; align_tablet=&#8221;center&#8221; align_phone=&#8221;&#8221; align_last_edited=&#8221;on|desktop&#8221; disabled_on=&#8221;off|off|off&#8221; _builder_version=&#8221;4.20.2&#8243; animation_style=&#8221;slide&#8221; animation_direction=&#8221;left&#8221; animation_intensity_slide=&#8221;5%&#8221; animation_starting_opacity=&#8221;100%&#8221; global_colors_info=&#8221;{}&#8221;][\/et_pb_image][et_pb_image src=&#8221;https:\/\/kromacarwash.com\/wp-content\/uploads\/2024\/01\/20230308_100926-scaled.jpg&#8221; title_text=&#8221;20230308_100926&#8243; show_in_lightbox=&#8221;on&#8221; force_fullwidth=&#8221;on&#8221; align_tablet=&#8221;center&#8221; align_phone=&#8221;&#8221; align_last_edited=&#8221;on|desktop&#8221; disabled_on=&#8221;off|off|off&#8221; _builder_version=&#8221;4.20.2&#8243; animation_style=&#8221;slide&#8221; animation_direction=&#8221;left&#8221; animation_intensity_slide=&#8221;5%&#8221; animation_starting_opacity=&#8221;100%&#8221; global_colors_info=&#8221;{}&#8221;][\/et_pb_image][et_pb_image src=&#8221;https:\/\/kromacarwash.com\/wp-content\/uploads\/2024\/01\/7.Srebrenik.jpg&#8221; title_text=&#8221;7.Srebrenik&#8221; _builder_version=&#8221;4.20.2&#8243; _module_preset=&#8221;default&#8221; global_colors_info=&#8221;{}&#8221;][\/et_pb_image][et_pb_image src=&#8221;https:\/\/kromacarwash.com\/wp-content\/uploads\/2024\/01\/3.-Srebrenik.jpg&#8221; title_text=&#8221;3. Srebrenik&#8221; _builder_version=&#8221;4.20.2&#8243; _module_preset=&#8221;default&#8221; global_colors_info=&#8221;{}&#8221;][\/et_pb_image][\/et_pb_column][et_pb_column type=&#8221;3_5&#8243; _builder_version=&#8221;4.16&#8243; custom_padding=&#8221;|||&#8221; global_colors_info=&#8221;{}&#8221; custom_padding__hover=&#8221;|||&#8221;][et_pb_image src=&#8221;https:\/\/kromacarwash.com\/wp-content\/uploads\/2024\/01\/20230308_101031-scaled.jpg&#8221; title_text=&#8221;20230308_101031&#8243; show_in_lightbox=&#8221;on&#8221; force_fullwidth=&#8221;on&#8221; align_tablet=&#8221;center&#8221; align_phone=&#8221;&#8221; align_last_edited=&#8221;on|desktop&#8221; disabled_on=&#8221;off|off|off&#8221; _builder_version=&#8221;4.20.2&#8243; animation_style=&#8221;slide&#8221; animation_direction=&#8221;left&#8221; animation_intensity_slide=&#8221;5%&#8221; animation_starting_opacity=&#8221;100%&#8221; global_colors_info=&#8221;{}&#8221;][\/et_pb_image][et_pb_image src=&#8221;https:\/\/kromacarwash.com\/wp-content\/uploads\/2024\/01\/20230307_192530-scaled.jpg&#8221; title_text=&#8221;20230307_192530&#8243; _builder_version=&#8221;4.20.2&#8243; _module_preset=&#8221;default&#8221; global_colors_info=&#8221;{}&#8221;][\/et_pb_image][et_pb_image src=&#8221;https:\/\/kromacarwash.com\/wp-content\/uploads\/2024\/01\/6.Srebrenik.jpg&#8221; title_text=&#8221;6.Srebrenik&#8221; _builder_version=&#8221;4.20.2&#8243; _module_preset=&#8221;default&#8221; global_colors_info=&#8221;{}&#8221;][\/et_pb_image][et_pb_image src=&#8221;https:\/\/kromacarwash.com\/wp-content\/uploads\/2024\/01\/4.-Srebrenik.jpg&#8221; title_text=&#8221;4. Srebrenik&#8221; _builder_version=&#8221;4.20.2&#8243; _module_preset=&#8221;default&#8221; global_colors_info=&#8221;{}&#8221;][\/et_pb_image][et_pb_image src=&#8221;https:\/\/kromacarwash.com\/wp-content\/uploads\/2024\/01\/2.-Srebrenik.jpg&#8221; title_text=&#8221;2. Srebrenik&#8221; _builder_version=&#8221;4.20.2&#8243; _module_preset=&#8221;default&#8221; global_colors_info=&#8221;{}&#8221;][\/et_pb_image][\/et_pb_column][\/et_pb_row][et_pb_row _builder_version=&#8221;4.20.2&#8243; _module_preset=&#8221;default&#8221; width=&#8221;100%&#8221; max_width=&#8221;2560px&#8221; saved_tabs=&#8221;all&#8221; locked=&#8221;off&#8221; global_colors_info=&#8221;{}&#8221;][et_pb_column type=&#8221;4_4&#8243; _builder_version=&#8221;4.16&#8243; _module_preset=&#8221;default&#8221; global_colors_info=&#8221;{}&#8221;][et_pb_post_nav prev_text=&#8221;PRETHODNA&#8221; next_text=&#8221;SLJEDE\u0106A&#8221; _builder_version=&#8221;4.16&#8243; _module_preset=&#8221;default&#8221; title_font=&#8221;|600|||||||&#8221; title_font_size=&#8221;12px&#8221; title_letter_spacing=&#8221;2px&#8221; background_color=&#8221;#11D8CE&#8221; width=&#8221;100%&#8221; max_width=&#8221;100%&#8221; custom_padding=&#8221;5px|10px|5px|10px|true|true&#8221; global_colors_info=&#8221;{}&#8221;][\/et_pb_post_nav][\/et_pb_column][\/et_pb_row][\/et_pb_section]<\/p>\n","protected":false},"excerpt":{"rendered":"<p>Willkommen am neuen BKF by Kroma-Standort in Bosnien und Herzegowina! Zwischen Tuzla und Srebrenik liegt dieser fantastische Standort mit vier Pl\u00e4tzen zum Selbstwaschen, zwei Pl\u00e4tzen zum Staubsaugen und zahlreichen Zusatzger\u00e4ten. Die Konstruktion wurde in unserem HEXO-Design ausgef\u00fchrt. Neben der SB-Autowaschanlage gibt es am Standort auch eine LKW-Waschanlage, \u00fcber die wir im n\u00e4chsten Beitrag mehr schreiben! [&hellip;]<\/p>\n","protected":false},"author":6,"featured_media":273561,"comment_status":"open","ping_status":"closed","template":"","meta":{"_et_pb_use_builder":"on","_et_pb_old_content":"","_et_gb_content_width":"","rank_math_lock_modified_date":false,"footnotes":""},"project_category":[201],"project_tag":[],"class_list":["post-274001","project","type-project","status-publish","has-post-thumbnail","hentry","project_category-installationen"],"_links":{"self":[{"href":"https:\/\/kromacarwash.com\/de\/wp-json\/wp\/v2\/project\/274001"}],"collection":[{"href":"https:\/\/kromacarwash.com\/de\/wp-json\/wp\/v2\/project"}],"about":[{"href":"https:\/\/kromacarwash.com\/de\/wp-json\/wp\/v2\/types\/project"}],"author":[{"embeddable":true,"href":"https:\/\/kromacarwash.com\/de\/wp-json\/wp\/v2\/users\/6"}],"replies":[{"embeddable":true,"href":"https:\/\/kromacarwash.com\/de\/wp-json\/wp\/v2\/comments?post=274001"}],"version-history":[{"count":1,"href":"https:\/\/kromacarwash.com\/de\/wp-json\/wp\/v2\/project\/274001\/revisions"}],"predecessor-version":[{"id":274002,"href":"https:\/\/kromacarwash.com\/de\/wp-json\/wp\/v2\/project\/274001\/revisions\/274002"}],"wp:featuredmedia":[{"embeddable":true,"href":"https:\/\/kromacarwash.com\/de\/wp-json\/wp\/v2\/media\/273561"}],"wp:attachment":[{"href":"https:\/\/kromacarwash.com\/de\/wp-json\/wp\/v2\/media?parent=274001"}],"wp:term":[{"taxonomy":"project_category","embeddable":true,"href":"https:\/\/kromacarwash.com\/de\/wp-json\/wp\/v2\/project_category?post=274001"},{"taxonomy":"project_tag","embeddable":true,"href":"https:\/\/kromacarwash.com\/de\/wp-json\/wp\/v2\/project_tag?post=274001"}],"curies":[{"name":"wp","href":"https:\/\/api.w.org\/{rel}","templated":true}]}}

<p>[et_pb_section fb_built=&#8221;1&#8243; _builder_version=&#8221;4.20.2&#8243; _module_preset=&#8221;default&#8221; custom_padding=&#8221;50px||||false|false&#8221; locked=&#8221;off&#8221; global_colors_info=&#8221;{}&#8221;][et_pb_row column_structure=&#8221;2_5,3_5&#8243; _builder_version=&#8221;4.20.2&#8243; _module_preset=&#8221;default&#8221; global_colors_info=&#8221;{}&#8221;][et_pb_column type=&#8221;2_5&#8243; _builder_version=&#8221;4.16&#8243; _module_preset=&#8221;default&#8221; global_colors_info=&#8221;{}&#8221;][et_pb_post_title author=&#8221;off&#8221; comments=&#8221;off&#8221; _builder_version=&#8221;4.20.2&#8243; _module_preset=&#8221;default&#8221; title_level=&#8221;h2&#8243; title_font_size=&#8221;40px&#8221; title_font_size_tablet=&#8221;&#8221; title_font_size_phone=&#8221;&#8221; title_font_size_last_edited=&#8221;on|desktop&#8221; global_colors_info=&#8221;{}&#8221; title_font_size__hover_enabled=&#8221;on|desktop&#8221; title_font_size__hover=&#8221;40px&#8221;][/et_pb_post_title][/et_pb_column][et_pb_column type=&#8221;3_5&#8243; _builder_version=&#8221;4.16&#8243; _module_preset=&#8221;default&#8221; global_colors_info=&#8221;{}&#8221;][et_pb_text disabled_on=&#8221;off|off|off&#8221; _builder_version=&#8221;4.20.2&#8243; _module_preset=&#8221;default&#8221; custom_margin=&#8221;125px||||false|false&#8221; custom_margin_tablet=&#8221;0px||||false|false&#8221; custom_margin_phone=&#8221;&#8221; custom_margin_last_edited=&#8221;on|phone&#8221; global_colors_info=&#8221;{}&#8221;]</p>
<p class="p1">Willkommen am neuen BKF by Kroma-Standort in Bosnien und Herzegowina!</p>
<p class="p1">Zwischen Tuzla und Srebrenik liegt dieser fantastische Standort mit vier Plätzen zum Selbstwaschen, zwei Plätzen zum Staubsaugen und zahlreichen Zusatzgeräten. Die Konstruktion wurde in unserem HEXO-Design ausgeführt.</p>
<p class="p1">Neben der SB-Autowaschanlage gibt es am Standort auch eine LKW-Waschanlage, über die wir im nächsten Beitrag mehr schreiben!</p>
<p>Geniessen Sie die grossartigen Fotos unseres neuen Projekts.</p>
<p><strong>info@kroma.hr / info@kromasistemipranja.ba / info@kroma.rs</strong></p>
<p>[/et_pb_text][/et_pb_column][/et_pb_row][et_pb_row column_structure=&#8221;2_5,3_5&#8243; use_custom_gutter=&#8221;on&#8221; _builder_version=&#8221;4.20.2&#8243; use_custom_width=&#8221;on&#8221; custom_width_px=&#8221;1440px&#8221; global_colors_info=&#8221;{}&#8221;][et_pb_column type=&#8221;2_5&#8243; _builder_version=&#8221;4.16&#8243; custom_padding=&#8221;|||&#8221; global_colors_info=&#8221;{}&#8221; custom_padding__hover=&#8221;|||&#8221;][et_pb_image src=&#8221;https://kromacarwash.com/wp-content/uploads/2024/01/401764395_17903584121866383_7806727841590113170_n.jpg&#8221; title_text=&#8221;401764395_17903584121866383_7806727841590113170_n&#8221; show_in_lightbox=&#8221;on&#8221; force_fullwidth=&#8221;on&#8221; align_tablet=&#8221;center&#8221; align_phone=&#8221;&#8221; align_last_edited=&#8221;on|desktop&#8221; disabled_on=&#8221;off|off|off&#8221; _builder_version=&#8221;4.20.2&#8243; animation_style=&#8221;slide&#8221; animation_direction=&#8221;left&#8221; animation_intensity_slide=&#8221;5%&#8221; animation_starting_opacity=&#8221;100%&#8221; global_colors_info=&#8221;{}&#8221;][/et_pb_image][et_pb_image src=&#8221;https://kromacarwash.com/wp-content/uploads/2024/01/20230308_100926-scaled.jpg&#8221; title_text=&#8221;20230308_100926&#8243; show_in_lightbox=&#8221;on&#8221; force_fullwidth=&#8221;on&#8221; align_tablet=&#8221;center&#8221; align_phone=&#8221;&#8221; align_last_edited=&#8221;on|desktop&#8221; disabled_on=&#8221;off|off|off&#8221; _builder_version=&#8221;4.20.2&#8243; animation_style=&#8221;slide&#8221; animation_direction=&#8221;left&#8221; animation_intensity_slide=&#8221;5%&#8221; animation_starting_opacity=&#8221;100%&#8221; global_colors_info=&#8221;{}&#8221;][/et_pb_image][et_pb_image src=&#8221;https://kromacarwash.com/wp-content/uploads/2024/01/7.Srebrenik.jpg&#8221; title_text=&#8221;7.Srebrenik&#8221; _builder_version=&#8221;4.20.2&#8243; _module_preset=&#8221;default&#8221; global_colors_info=&#8221;{}&#8221;][/et_pb_image][et_pb_image src=&#8221;https://kromacarwash.com/wp-content/uploads/2024/01/3.-Srebrenik.jpg&#8221; title_text=&#8221;3. Srebrenik&#8221; _builder_version=&#8221;4.20.2&#8243; _module_preset=&#8221;default&#8221; global_colors_info=&#8221;{}&#8221;][/et_pb_image][/et_pb_column][et_pb_column type=&#8221;3_5&#8243; _builder_version=&#8221;4.16&#8243; custom_padding=&#8221;|||&#8221; global_colors_info=&#8221;{}&#8221; custom_padding__hover=&#8221;|||&#8221;][et_pb_image src=&#8221;https://kromacarwash.com/wp-content/uploads/2024/01/20230308_101031-scaled.jpg&#8221; title_text=&#8221;20230308_101031&#8243; show_in_lightbox=&#8221;on&#8221; force_fullwidth=&#8221;on&#8221; align_tablet=&#8221;center&#8221; align_phone=&#8221;&#8221; align_last_edited=&#8221;on|desktop&#8221; disabled_on=&#8221;off|off|off&#8221; _builder_version=&#8221;4.20.2&#8243; animation_style=&#8221;slide&#8221; animation_direction=&#8221;left&#8221; animation_intensity_slide=&#8221;5%&#8221; animation_starting_opacity=&#8221;100%&#8221; global_colors_info=&#8221;{}&#8221;][/et_pb_image][et_pb_image src=&#8221;https://kromacarwash.com/wp-content/uploads/2024/01/20230307_192530-scaled.jpg&#8221; title_text=&#8221;20230307_192530&#8243; _builder_version=&#8221;4.20.2&#8243; _module_preset=&#8221;default&#8221; global_colors_info=&#8221;{}&#8221;][/et_pb_image][et_pb_image src=&#8221;https://kromacarwash.com/wp-content/uploads/2024/01/6.Srebrenik.jpg&#8221; title_text=&#8221;6.Srebrenik&#8221; _builder_version=&#8221;4.20.2&#8243; _module_preset=&#8221;default&#8221; global_colors_info=&#8221;{}&#8221;][/et_pb_image][et_pb_image src=&#8221;https://kromacarwash.com/wp-content/uploads/2024/01/4.-Srebrenik.jpg&#8221; title_text=&#8221;4. Srebrenik&#8221; _builder_version=&#8221;4.20.2&#8243; _module_preset=&#8221;default&#8221; global_colors_info=&#8221;{}&#8221;][/et_pb_image][et_pb_image src=&#8221;https://kromacarwash.com/wp-content/uploads/2024/01/2.-Srebrenik.jpg&#8221; title_text=&#8221;2. Srebrenik&#8221; _builder_version=&#8221;4.20.2&#8243; _module_preset=&#8221;default&#8221; global_colors_info=&#8221;{}&#8221;][/et_pb_image][/et_pb_column][/et_pb_row][et_pb_row _builder_version=&#8221;4.20.2&#8243; _module_preset=&#8221;default&#8221; width=&#8221;100%&#8221; max_width=&#8221;2560px&#8221; saved_tabs=&#8221;all&#8221; locked=&#8221;off&#8221; global_colors_info=&#8221;{}&#8221;][et_pb_column type=&#8221;4_4&#8243; _builder_version=&#8221;4.16&#8243; _module_preset=&#8221;default&#8221; global_colors_info=&#8221;{}&#8221;][et_pb_post_nav prev_text=&#8221;PRETHODNA&#8221; next_text=&#8221;SLJEDEĆA&#8221; _builder_version=&#8221;4.16&#8243; _module_preset=&#8221;default&#8221; title_font=&#8221;|600|||||||&#8221; title_font_size=&#8221;12px&#8221; title_letter_spacing=&#8221;2px&#8221; background_color=&#8221;#11D8CE&#8221; width=&#8221;100%&#8221; max_width=&#8221;100%&#8221; custom_padding=&#8221;5px|10px|5px|10px|true|true&#8221; global_colors_info=&#8221;{}&#8221;][/et_pb_post_nav][/et_pb_column][/et_pb_row][/et_pb_section]</p>

<p>Willkommen am neuen BKF by Kroma-Standort in Bosnien und Herzegowina! Zwischen Tuzla und Srebrenik liegt dieser fantastische Standort mit vier Plätzen zum Selbstwaschen, zwei Plätzen zum Staubsaugen und zahlreichen Zusatzgeräten. Die Konstruktion wurde in unserem HEXO-Design ausgeführt. Neben der SB-Autowaschanlage gibt es am Standort auch eine LKW-Waschanlage, über die wir im nächsten Beitrag mehr schreiben! [&hellip;]</p>
